{"id":7436,"date":"2020-04-21T13:54:40","date_gmt":"2020-04-21T12:54:40","guid":{"rendered":"https:\/\/marifu6a.com\/?post_type=product&#038;p=7436"},"modified":"2026-03-07T16:06:17","modified_gmt":"2026-03-07T15:06:17","slug":"hexagon-with-flower-blanket","status":"publish","type":"product","link":"https:\/\/marifu6a.com\/?product=hexagon-with-flower-blanket","title":{"rendered":"Crochet pattern \u201ceasy colorful hexagon with flower blanket, afghan\u201d by marifu6a"},"content":{"rendered":"<h2 style=\"text-align: center;\">Video tutorial :<\/h2>\n<p><a href=\"https:\/\/www.youtube.com\/watch?v=NWjDdOY5jVs\" target=\"_blank\" rel=\"noopener\"><img data-recalc-dims=\"1\" loading=\"lazy\" decoding=\"async\" data-attachment-id=\"14690\" data-permalink=\"https:\/\/marifu6a.com\/?attachment_id=14690\" data-orig-file=\"https:\/\/i0.wp.com\/marifu6a.com\/wp-content\/uploads\/2020\/04\/1-28-1.jpg?fit=832%2C576&amp;ssl=1\" data-orig-size=\"832,576\" data-comments-opened=\"1\" data-image-meta=\"{&quot;aperture&quot;:&quot;8&quot;,&quot;credit&quot;:&quot;\\u00cd\\u00e0\\u00f2\\u00e0\\u00eb\\u00fc\\u00ff&quot;,&quot;camera&quot;:&quot;NIKON D5100&quot;,&quot;caption&quot;:&quot;\\u00f0\\u00f3\\u00f7\\u00ed\\u00e0\\u00ff \\u00f0\\u00e0\\u00e1\\u00ee\\u00f2\\u00e0, handmade, \\u00df\\u00f0\\u00ec\\u00e0\\u00f0\\u00ea\\u00e0 \\u00cc\\u00e0\\u00f1\\u00f2\\u00e5\\u00f0\\u00ee\\u00e2,\\u00ef\\u00eb\\u00e5\\u00e4,\\u00ef\\u00eb\\u00e5\\u00e4 \\u00ea\\u00f0\\u00fe\\u00f7\\u00ea\\u00ee\\u00ec,\\u00ef\\u00eb\\u00e5\\u00e4 \\u00e2\\u00ff\\u00e7\\u00e0\\u00ed\\u00fb\\u00e9,\\u00ea\\u00f0\\u00fe\\u00f7\\u00ea\\u00ee\\u00ec,\\u00ea\\u00f0\\u00fe\\u00f7\\u00ee\\u00ea,\\u00ef\\u00ee\\u00e4\\u00e0\\u00f0\\u00ee\\u00ea \\u00ed\\u00e0 \\u00eb\\u00fe\\u00e1\\u00ee\\u00e9 \\u00f1\\u00eb\\u00f3\\u00f7\\u00e0\\u00e9,\\u00f8\\u00e5\\u00f0\\u00f1\\u00f2\\u00fc,\\u00e0\\u00ea\\u00f0\\u00e8\\u00eb,\\u00f8\\u00e5\\u00f0\\u00f1\\u00f2\\u00fc \\u00f1 \\u00e0\\u00ea\\u00f0\\u00e8\\u00eb\\u00ee\\u00ec&quot;,&quot;created_timestamp&quot;:&quot;1362843198&quot;,&quot;copyright&quot;:&quot;&quot;,&quot;focal_length&quot;:&quot;18&quot;,&quot;iso&quot;:&quot;140&quot;,&quot;shutter_speed&quot;:&quot;0.004&quot;,&quot;title&quot;:&quot;\\u00cf\\u00eb\\u00e5\\u00e4 \\u00f0\\u00e0\\u00e7\\u00ed\\u00ee\\u00f6\\u00e2\\u00e5\\u00f2\\u00ed\\u00fb\\u00e9&quot;,&quot;orientation&quot;:&quot;1&quot;}\" data-image-title=\"\u00cf\u00eb\u00e5\u00e4 \u00f0\u00e0\u00e7\u00ed\u00ee\u00f6\u00e2\u00e5\u00f2\u00ed\u00fb\u00e9\" data-image-description=\"\" data-image-caption=\"&lt;p&gt;\u00f0\u00f3\u00f7\u00ed\u00e0\u00ff \u00f0\u00e0\u00e1\u00ee\u00f2\u00e0, handmade, \u00df\u00f0\u00ec\u00e0\u00f0\u00ea\u00e0 \u00cc\u00e0\u00f1\u00f2\u00e5\u00f0\u00ee\u00e2,\u00ef\u00eb\u00e5\u00e4,\u00ef\u00eb\u00e5\u00e4 \u00ea\u00f0\u00fe\u00f7\u00ea\u00ee\u00ec,\u00ef\u00eb\u00e5\u00e4 \u00e2\u00ff\u00e7\u00e0\u00ed\u00fb\u00e9,\u00ea\u00f0\u00fe\u00f7\u00ea\u00ee\u00ec,\u00ea\u00f0\u00fe\u00f7\u00ee\u00ea,\u00ef\u00ee\u00e4\u00e0\u00f0\u00ee\u00ea \u00ed\u00e0 \u00eb\u00fe\u00e1\u00ee\u00e9 \u00f1\u00eb\u00f3\u00f7\u00e0\u00e9,\u00f8\u00e5\u00f0\u00f1\u00f2\u00fc,\u00e0\u00ea\u00f0\u00e8\u00eb,\u00f8\u00e5\u00f0\u00f1\u00f2\u00fc \u00f1 \u00e0\u00ea\u00f0\u00e8\u00eb\u00ee\u00ec&lt;\/p&gt;\n\" data-large-file=\"https:\/\/i0.wp.com\/marifu6a.com\/wp-content\/uploads\/2020\/04\/1-28-1.jpg?fit=604%2C418&amp;ssl=1\" class=\"size-medium wp-image-14690 aligncenter\" src=\"https:\/\/i0.wp.com\/marifu6a.com\/wp-content\/uploads\/2020\/04\/1-28-1.jpg?resize=300%2C208&#038;ssl=1\" alt=\"\" width=\"300\" height=\"208\" srcset=\"https:\/\/i0.wp.com\/marifu6a.com\/wp-content\/uploads\/2020\/04\/1-28-1.jpg?resize=300%2C208&amp;ssl=1 300w, https:\/\/i0.wp.com\/marifu6a.com\/wp-content\/uploads\/2020\/04\/1-28-1.jpg?resize=768%2C532&amp;ssl=1 768w, https:\/\/i0.wp.com\/marifu6a.com\/wp-content\/uploads\/2020\/04\/1-28-1.jpg?resize=600%2C415&amp;ssl=1 600w, https:\/\/i0.wp.com\/marifu6a.com\/wp-content\/uploads\/2020\/04\/1-28-1.jpg?resize=420%2C291&amp;ssl=1 420w, https:\/\/i0.wp.com\/marifu6a.com\/wp-content\/uploads\/2020\/04\/1-28-1.jpg?resize=738%2C511&amp;ssl=1 738w, https:\/\/i0.wp.com\/marifu6a.com\/wp-content\/uploads\/2020\/04\/1-28-1.jpg?w=832&amp;ssl=1 832w\" sizes=\"auto, (max-width: 300px) 100vw, 300px\" \/><\/a><\/p>\n<p>Skill Level: Easy.<br \/>\nSize: 142cm X 90cm<br \/>\nMaterial: acrylic 100gr-300mt (DK)<br \/>\nHook nr. 4mm<\/p>\n<p>This is easy to follow TUTORIAL CROCHET PATTERN with written instructions in English (US terms) completed with detailed pictures and diagrams, 17 sheets.<\/p>\n<p>The &#8216;list of used stitches&#8217; is translated in Dutch, UK English, and Italian, French and German crochet terms. American crochet terms, with tutorial pictures showing the stitches row by row made it so much easier to work with the pattern even for the beginner.<\/p>\n<p>If you know to crochet, make it! You will enjoy! \ud83d\ude42<\/p>\n<p>You are not allowed to sell, copy, distribute or share my patterns (or the pictures within it) in any form.<\/p>\n","protected":false},"excerpt":{"rendered":"<p>Video tutorial : Skill Level: Easy. Size: 142cm X 90cm Material: acrylic 100gr-300mt (DK) Hook nr. 4mm This is easy to follow TUTORIAL CROCHET PATTERN with written instructions in English (US terms)<a class=\"moretag\" href=\"https:\/\/marifu6a.com\/?product=hexagon-with-flower-blanket\">Read More&#8230;<\/a><\/p>\n","protected":false},"featured_media":25664,"comment_status":"open","ping_status":"closed","template":"","meta":{"_bbp_topic_count":0,"_bbp_reply_count":0,"_bbp_total_topic_count":0,"_bbp_total_reply_count":0,"_bbp_voice_count":0,"_bbp_anonymous_reply_count":0,"_bbp_topic_count_hidden":0,"_bbp_reply_count_hidden":0,"_bbp_forum_subforum_count":0,"_crdt_document":"","_uag_custom_page_level_css":"","advanced_seo_description":"","jetpack_seo_html_title":"","jetpack_seo_noindex":false,"jetpack_publicize_message":"","jetpack_publicize_feature_enabled":true,"jetpack_social_post_already_shared":true,"jetpack_social_options":{"image_generator_settings":{"template":"highway","default_image_id":0,"font":"","enabled":false},"version":2},"_wpas_customize_per_network":false},"product_brand":[],"product_cat":[806616,805670,806672],"product_tag":[806588],"class_list":{"0":"post-7436","1":"product","2":"type-product","3":"status-publish","4":"has-post-thumbnail","6":"product_cat-blankets-and-afghans","7":"product_cat-crochet","8":"product_cat-written-patterns","9":"product_tag-blanket-afghan","11":"first","12":"instock","13":"downloadable","14":"virtual","15":"taxable","16":"purchasable","17":"product-type-simple"},"jetpack_publicize_connections":[],"uagb_featured_image_src":{"full":["https:\/\/i0.wp.com\/marifu6a.com\/wp-content\/uploads\/2020\/04\/Gemini_Generated_Image_5w2k6v5w2k6v5w2k.png?fit=667%2C832&ssl=1",667,832,false],"thumbnail":["https:\/\/i0.wp.com\/marifu6a.com\/wp-content\/uploads\/2020\/04\/Gemini_Generated_Image_5w2k6v5w2k6v5w2k.png?resize=150%2C150&ssl=1",150,150,true],"medium":["https:\/\/i0.wp.com\/marifu6a.com\/wp-content\/uploads\/2020\/04\/Gemini_Generated_Image_5w2k6v5w2k6v5w2k.png?fit=241%2C300&ssl=1",241,300,true],"medium_large":["https:\/\/i0.wp.com\/marifu6a.com\/wp-content\/uploads\/2020\/04\/Gemini_Generated_Image_5w2k6v5w2k6v5w2k.png?fit=604%2C753&ssl=1",604,753,true],"large":["https:\/\/i0.wp.com\/marifu6a.com\/wp-content\/uploads\/2020\/04\/Gemini_Generated_Image_5w2k6v5w2k6v5w2k.png?fit=604%2C753&ssl=1",604,753,true],"1536x1536":["https:\/\/i0.wp.com\/marifu6a.com\/wp-content\/uploads\/2020\/04\/Gemini_Generated_Image_5w2k6v5w2k6v5w2k.png?fit=667%2C832&ssl=1",667,832,true],"2048x2048":["https:\/\/i0.wp.com\/marifu6a.com\/wp-content\/uploads\/2020\/04\/Gemini_Generated_Image_5w2k6v5w2k6v5w2k.png?fit=667%2C832&ssl=1",667,832,true],"newspack-article-block-landscape-large":["https:\/\/i0.wp.com\/marifu6a.com\/wp-content\/uploads\/2020\/04\/Gemini_Generated_Image_5w2k6v5w2k6v5w2k.png?resize=667%2C832&ssl=1",667,832,true],"newspack-article-block-portrait-large":["https:\/\/i0.wp.com\/marifu6a.com\/wp-content\/uploads\/2020\/04\/Gemini_Generated_Image_5w2k6v5w2k6v5w2k.png?resize=667%2C832&ssl=1",667,832,true],"newspack-article-block-square-large":["https:\/\/i0.wp.com\/marifu6a.com\/wp-content\/uploads\/2020\/04\/Gemini_Generated_Image_5w2k6v5w2k6v5w2k.png?resize=667%2C832&ssl=1",667,832,true],"newspack-article-block-landscape-medium":["https:\/\/i0.wp.com\/marifu6a.com\/wp-content\/uploads\/2020\/04\/Gemini_Generated_Image_5w2k6v5w2k6v5w2k.png?resize=667%2C600&ssl=1",667,600,true],"newspack-article-block-portrait-medium":["https:\/\/i0.wp.com\/marifu6a.com\/wp-content\/uploads\/2020\/04\/Gemini_Generated_Image_5w2k6v5w2k6v5w2k.png?resize=600%2C800&ssl=1",600,800,true],"newspack-article-block-square-medium":["https:\/\/i0.wp.com\/marifu6a.com\/wp-content\/uploads\/2020\/04\/Gemini_Generated_Image_5w2k6v5w2k6v5w2k.png?resize=667%2C800&ssl=1",667,800,true],"newspack-article-block-landscape-intermediate":["https:\/\/i0.wp.com\/marifu6a.com\/wp-content\/uploads\/2020\/04\/Gemini_Generated_Image_5w2k6v5w2k6v5w2k.png?resize=600%2C450&ssl=1",600,450,true],"newspack-article-block-portrait-intermediate":["https:\/\/i0.wp.com\/marifu6a.com\/wp-content\/uploads\/2020\/04\/Gemini_Generated_Image_5w2k6v5w2k6v5w2k.png?resize=450%2C600&ssl=1",450,600,true],"newspack-article-block-square-intermediate":["https:\/\/i0.wp.com\/marifu6a.com\/wp-content\/uploads\/2020\/04\/Gemini_Generated_Image_5w2k6v5w2k6v5w2k.png?resize=600%2C600&ssl=1",600,600,true],"newspack-article-block-landscape-small":["https:\/\/i0.wp.com\/marifu6a.com\/wp-content\/uploads\/2020\/04\/Gemini_Generated_Image_5w2k6v5w2k6v5w2k.png?resize=400%2C300&ssl=1",400,300,true],"newspack-article-block-portrait-small":["https:\/\/i0.wp.com\/marifu6a.com\/wp-content\/uploads\/2020\/04\/Gemini_Generated_Image_5w2k6v5w2k6v5w2k.png?resize=300%2C400&ssl=1",300,400,true],"newspack-article-block-square-small":["https:\/\/i0.wp.com\/marifu6a.com\/wp-content\/uploads\/2020\/04\/Gemini_Generated_Image_5w2k6v5w2k6v5w2k.png?resize=400%2C400&ssl=1",400,400,true],"newspack-article-block-landscape-tiny":["https:\/\/i0.wp.com\/marifu6a.com\/wp-content\/uploads\/2020\/04\/Gemini_Generated_Image_5w2k6v5w2k6v5w2k.png?resize=200%2C150&ssl=1",200,150,true],"newspack-article-block-portrait-tiny":["https:\/\/i0.wp.com\/marifu6a.com\/wp-content\/uploads\/2020\/04\/Gemini_Generated_Image_5w2k6v5w2k6v5w2k.png?resize=150%2C200&ssl=1",150,200,true],"newspack-article-block-square-tiny":["https:\/\/i0.wp.com\/marifu6a.com\/wp-content\/uploads\/2020\/04\/Gemini_Generated_Image_5w2k6v5w2k6v5w2k.png?resize=200%2C200&ssl=1",200,200,true],"newspack-article-block-uncropped":["https:\/\/i0.wp.com\/marifu6a.com\/wp-content\/uploads\/2020\/04\/Gemini_Generated_Image_5w2k6v5w2k6v5w2k.png?fit=667%2C832&ssl=1",667,832,true],"post-thumbnail":["https:\/\/i0.wp.com\/marifu6a.com\/wp-content\/uploads\/2020\/04\/Gemini_Generated_Image_5w2k6v5w2k6v5w2k.png?resize=604%2C270&ssl=1",604,270,true],"icraft-slider-thumb":["https:\/\/i0.wp.com\/marifu6a.com\/wp-content\/uploads\/2020\/04\/Gemini_Generated_Image_5w2k6v5w2k6v5w2k.png?resize=667%2C832&ssl=1",667,832,true],"icraft-single-thumb":["https:\/\/i0.wp.com\/marifu6a.com\/wp-content\/uploads\/2020\/04\/Gemini_Generated_Image_5w2k6v5w2k6v5w2k.png?resize=667%2C480&ssl=1",667,480,true],"woocommerce_thumbnail":["https:\/\/i0.wp.com\/marifu6a.com\/wp-content\/uploads\/2020\/04\/Gemini_Generated_Image_5w2k6v5w2k6v5w2k.png?resize=300%2C300&ssl=1",300,300,true],"woocommerce_single":["https:\/\/i0.wp.com\/marifu6a.com\/wp-content\/uploads\/2020\/04\/Gemini_Generated_Image_5w2k6v5w2k6v5w2k.png?fit=600%2C748&ssl=1",600,748,true],"woocommerce_gallery_thumbnail":["https:\/\/i0.wp.com\/marifu6a.com\/wp-content\/uploads\/2020\/04\/Gemini_Generated_Image_5w2k6v5w2k6v5w2k.png?resize=100%2C100&ssl=1",100,100,true],"ppec_logo_image_size":["https:\/\/i0.wp.com\/marifu6a.com\/wp-content\/uploads\/2020\/04\/Gemini_Generated_Image_5w2k6v5w2k6v5w2k.png?fit=48%2C60&ssl=1",48,60,true],"ppec_header_image_size":["https:\/\/i0.wp.com\/marifu6a.com\/wp-content\/uploads\/2020\/04\/Gemini_Generated_Image_5w2k6v5w2k6v5w2k.png?fit=72%2C90&ssl=1",72,90,true]},"uagb_author_info":{"display_name":"marifu6a","author_link":"https:\/\/marifu6a.com\/?author=0"},"uagb_comment_info":2,"uagb_excerpt":"Video tutorial : Skill Level: Easy. Size: 142cm X 90cm Material: acrylic 100gr-300mt (DK) Hook nr. 4mm This is easy to follow TUTORIAL CROCHET PATTERN with written instructions in English (US terms)Read More...","jetpack-related-posts":[],"jetpack_sharing_enabled":true,"jetpack_likes_enabled":true,"_links":{"self":[{"href":"https:\/\/marifu6a.com\/index.php?rest_route=\/wp\/v2\/product\/7436","targetHints":{"allow":["GET"]}}],"collection":[{"href":"https:\/\/marifu6a.com\/index.php?rest_route=\/wp\/v2\/product"}],"about":[{"href":"https:\/\/marifu6a.com\/index.php?rest_route=\/wp\/v2\/types\/product"}],"replies":[{"embeddable":true,"href":"https:\/\/marifu6a.com\/index.php?rest_route=%2Fwp%2Fv2%2Fcomments&post=7436"}],"wp:featuredmedia":[{"embeddable":true,"href":"https:\/\/marifu6a.com\/index.php?rest_route=\/wp\/v2\/media\/25664"}],"wp:attachment":[{"href":"https:\/\/marifu6a.com\/index.php?rest_route=%2Fwp%2Fv2%2Fmedia&parent=7436"}],"wp:term":[{"taxonomy":"product_brand","embeddable":true,"href":"https:\/\/marifu6a.com\/index.php?rest_route=%2Fwp%2Fv2%2Fproduct_brand&post=7436"},{"taxonomy":"product_cat","embeddable":true,"href":"https:\/\/marifu6a.com\/index.php?rest_route=%2Fwp%2Fv2%2Fproduct_cat&post=7436"},{"taxonomy":"product_tag","embeddable":true,"href":"https:\/\/marifu6a.com\/index.php?rest_route=%2Fwp%2Fv2%2Fproduct_tag&post=7436"}],"curies":[{"name":"wp","href":"https:\/\/api.w.org\/{rel}","templated":true}]}}